culate the highest common divisor of 3231 and 18.
9
What is the highest common factor of 3420 and 105?
15
Calculate the greatest common divisor of 73 and 146.
73
Calculate the highest common divisor of 10 and 1790.
10
Calculate the greatest common divisor of 1165 and 10.
5
Calculate the highest common divisor of 1332 and 612.
36
Calculate the highest common divisor of 22 and 6.
2
What is the highest common divisor of 1696 and 477?
53
Calculate the highest common divisor of 68 and 17.
17
Calculate the highest common factor of 56057 and 29.
29
What is the highest common factor of 332 and 415?
83
What is the highest common divisor of 2684 and 594?
22
Calculate the greatest common factor of 3007 and 679.
97
What is the greatest common divisor of 6 and 170?
2
Calculate the highest common factor of 938 and 14.
14
Calculate the highest common factor of 264 and 14124.
132
Calculate the greatest common factor of 1020 and 34.
34
What is the highest common factor of 260 and 52?
52
Calculate the greatest common factor of 172 and 12341.
43
Calculate the highest common divisor of 159 and 25758.
159
What is the greatest common factor of 675 and 75?
75
What is the greatest common divisor of 504 and 144?
72
What is the highest common factor of 3 and 177?
3
Calculate the greatest common factor of 12 and 596.
4
Calculate the greatest common factor of 70 and 3136.
14
What is the highest common factor of 70 and 11400?
10
What is the greatest common factor of 93 and 16399?
31
Calculate the highest common divisor of 22 and 1881.
11
What is the highest common factor of 66 and 306?
6
Calculate the greatest common divisor of 713 and 92.
23
What is the greatest common divisor of 70 and 4?
2
Calculate the greatest common divisor of 5 and 3695.
5
What is the greatest common divisor of 5656 and 126?
14
What is the greatest common divisor of 130 and 10?
10
What is the greatest common divisor of 1 and 3?
1
What is the greatest common factor of 11 and 3641?
11
Calculate the greatest common divisor of 21 and 217.
7
What is the highest common divisor of 12125 and 97?
97
What is the highest common divisor of 15860 and 13?
13
What is the highest common divisor of 90 and 930?
30
Calculate the highest common divisor of 54 and 204.
6
Calculate the highest common divisor of 195 and 2.
1
What is the highest common divisor of 99 and 99?
99
Calculate the highest common divisor of 468 and 36.
36
What is the greatest common divisor of 18408 and 24?
24
What is the highest common divisor of 24 and 2796?
12
Calculate the greatest common factor of 77 and 59675.
77
What is the highest common divisor of 40 and 320?
40
What is the highest common factor of 169 and 2561?
13
Calculate the greatest common divisor of 46 and 713.
23
Calculate the greatest common factor of 13 and 117.
13
Calculate the highest common divisor of 10707 and 258.
129
What is the highest common divisor of 172 and 76196?
172
Calculate the highest common factor of 828 and 69.
69
What is the greatest common factor of 405 and 90?
45
Calculate the highest common divisor of 35 and 7385.
35
What is the highest common divisor of 17 and 158?
1
What is the highest common divisor of 3 and 29?
1
What is the greatest common divisor of 738 and 954?
18
What is the greatest common factor of 12 and 96?
12
What is the highest common factor of 18 and 72?
18
Calculate the greatest common divisor of 500 and 20.
20
Calculate the highest common divisor of 1365 and 2145.
195
Calculate the greatest common factor of 22 and 3223.
11
What is the highest common divisor of 1454 and 2?
2
Calculate the greatest common factor of 23 and 207.
23
What is the highest common factor of 59 and 59?
59
Calculate the highest common factor of 140 and 224.
28
Calculate the highest common divisor of 5 and 625.
5
Calculate the greatest common divisor of 15 and 1905.
15
What is the greatest common divisor of 10 and 185?
5
What is the greatest common factor of 230 and 1012?
46
Calculate the highest common divisor of 14 and 25200.
14
What is the highest common divisor of 477 and 27?
9
What is the greatest common divisor of 517 and 11?
11
What is the greatest common divisor of 357 and 11424?
357
Calculate the highest common factor of 23 and 161.
23
What is the highest common divisor of 2010 and 60?
30
What is the highest common factor of 114 and 494?
38
Calculate the greatest common factor of 4173 and 39.
39
Calculate the greatest common divisor of 15 and 3855.
15
What is the greatest common factor of 1125 and 600?
75
What is the greatest common factor of 244 and 4?
4
What is the highest common factor of 9522 and 23?
23
Calculate the highest common factor of 76 and 57076.
76
What is the highest common factor of 3 and 21?
3
Calculate the greatest common factor of 14 and 17038.
14
What is the greatest common divisor of 2079 and 10017?
189
What is the greatest common factor of 2354 and 22?
22
Calculate the greatest common factor of 352 and 2.
2
Calculate the greatest common divisor of 4118 and 232.
58
What is the greatest common divisor of 80 and 112?
16
Calculate the highest common factor of 20 and 57600.
20
What is the highest common divisor of 36 and 9576?
36
What is the highest common divisor of 176 and 11528?
88
Calculate the greatest common factor of 13 and 69563.
13
Calculate the highest common divisor of 54 and 27.
27
What is the greatest common divisor of 18 and 1458?
18
Calculate the highest common factor of 1927 and 41.
41
What is the highest common divisor of 217 and 2046?
31
What is the greatest common factor of 76 and 437?
19
What is the highest common divisor of 68 and 1088?
68
What is the greatest common factor of 77 and 3377?
11
Calculate the greatest common divisor of 7 and 1057.
7
Calculate the greatest common divisor of 1482 and 52.
26
What is the highest common factor of 14 and 847?
7
What is the greatest common factor of 187 and 136?
17
Calculate the greatest common divisor of 2192 and 137.
137
Calculate the greatest common divisor of 2048 and 192.
64
Calculate the highest common divisor of 1722 and 462.
42
Calculate the greatest common factor of 16 and 512.
16
What is the greatest common factor of 76 and 380?
76
Calculate the greatest common factor of 124 and 8.
4
What is the highest common divisor of 18 and 2166?
6
What is the greatest common divisor of 25 and 400?
25
Calculate the greatest common factor of 18 and 207.
9
What is the highest common factor of 2224 and 1807?
139
Calculate the greatest common factor of 1235 and 130.
65
What is the highest common factor of 8 and 184?
8
What is the highest common divisor of 5643 and 81?
27
Calculate the greatest common divisor of 348 and 24.
12
Calculate the highest common factor of 1025 and 41.
41
Calculate the highest common divisor of 369 and 41.
41
What is the highest common divisor of 66 and 48?
6
What is the highest common divisor of 41 and 2?
1
What is the greatest common divisor of 731 and 1591?
43
Calculate the highest common factor of 39 and 13.
13
Calculate the highest common divisor of 48 and 90.
6
Calculate the highest common divisor of 532 and 28.
28
Calculate the highest common divisor of 324 and 288.
36
What is the highest common divisor of 56 and 664?
8
Calculate the highest common factor of 67946 and 53.
53
What is the highest common factor of 21 and 39?
3
What is the greatest common divisor of 1180 and 12508?
236
What is the highest common divisor of 20 and 190?
10
Calculate the greatest common factor of 5 and 463.
1
Calculate the greatest common divisor of 6285 and 60.
15
What is the highest common divisor of 1112 and 8?
8
Calculate the highest common factor of 80 and 30.
10
What is the greatest common factor of 5 and 241?
1
Calculate the greatest common factor of 576 and 666.
18
Calculate the highest common divisor of 8483 and 187.
17
Calculate the greatest common factor of 92 and 506.
46
Calculate the highest common factor of 48 and 256.
16
What is the highest common factor of 136 and 6086?
34
Calculate the highest common factor of 350 and 200.
50
Calculate the greatest common factor of 72 and 54.
18
Calculate the greatest common divisor of 5 and 3970.
5
What is the greatest common divisor of 3151 and 23?
23
Calculate the highest common factor of 23 and 24587.
23
What is the highest 